[INFO] cloning repository https://github.com/philipc/rewrite
[INFO] running `Command { std: "git" "-c" "credential.helper=" "-c" "credential.helper=/workspace/cargo-home/bin/git-credential-null" "clone" "--bare" "https://github.com/philipc/rewrite" "/workspace/cache/git-repos/https%3A%2F%2Fgithub.com%2Fphilipc%2Frewrite", kill_on_drop: false }`
[INFO] [stderr] Cloning into bare repository '/workspace/cache/git-repos/https%3A%2F%2Fgithub.com%2Fphilipc%2Frewrite'...
[INFO] running `Command { std: "git" "rev-parse" "HEAD", kill_on_drop: false }`
[INFO] [stdout] 8e459ae0c5f241c7cf01caaf64d46987d9b4c710
[INFO] checking philipc/rewrite against master#af3c6e733a40e671550e0f0f5aeecaa13772ba56 for pr-74989
[INFO] running `Command { std: "git" "clone" "/workspace/cache/git-repos/https%3A%2F%2Fgithub.com%2Fphilipc%2Frewrite" "/workspace/builds/worker-6/source", kill_on_drop: false }`
[INFO] [stderr] Cloning into '/workspace/builds/worker-6/source'...
[INFO] [stderr] done.
[INFO] validating manifest of git repo https://github.com/philipc/rewrite on toolchain af3c6e733a40e671550e0f0f5aeecaa13772ba56
[INFO] running `Command { std: "/workspace/cargo-home/bin/cargo" "+af3c6e733a40e671550e0f0f5aeecaa13772ba56" "read-manifest" "--manifest-path" "Cargo.toml", kill_on_drop: false }`
[INFO] started tweaking git repo https://github.com/philipc/rewrite
[INFO] removed path dependency gimli from git repo https://github.com/philipc/rewrite
[INFO] removed path dependency object from git repo https://github.com/philipc/rewrite
[INFO] finished tweaking git repo https://github.com/philipc/rewrite
[INFO] tweaked toml for git repo https://github.com/philipc/rewrite written to /workspace/builds/worker-6/source/Cargo.toml
[INFO] crate git repo https://github.com/philipc/rewrite already has a lockfile, it will not be regenerated
[INFO] running `Command { std: "/workspace/cargo-home/bin/cargo" "+af3c6e733a40e671550e0f0f5aeecaa13772ba56" "fetch" "--locked" "--manifest-path" "Cargo.toml", kill_on_drop: false }`
[INFO] [stderr] warning: dependency (gimli) specified without providing a local path, Git repository, or version to use. This will be considered an error in future versions
[INFO] [stderr] warning: dependency (object) specified without providing a local path, Git repository, or version to use. This will be considered an error in future versions
[INFO] [stderr]     Updating crates.io index
[INFO] [stderr] error: the lock file /workspace/builds/worker-6/source/Cargo.lock needs to be updated but --locked was passed to prevent this
[INFO] [stderr] If you want to try to generate the lock file without accessing the network, use the --offline flag.
[INFO] the lockfile is outdated, regenerating it
[INFO] running `Command { std: "/workspace/cargo-home/bin/cargo" "+af3c6e733a40e671550e0f0f5aeecaa13772ba56" "generate-lockfile" "--manifest-path" "Cargo.toml" "-Zno-index-update", kill_on_drop: false }`
[INFO] [stderr]     Blocking waiting for file lock on package cache
[INFO] running `Command { std: "/workspace/cargo-home/bin/cargo" "+af3c6e733a40e671550e0f0f5aeecaa13772ba56" "fetch" "--locked" "--manifest-path" "Cargo.toml", kill_on_drop: false }`
[INFO] [stderr] warning: dependency (gimli) specified without providing a local path, Git repository, or version to use. This will be considered an error in future versions
[INFO] [stderr] warning: dependency (object) specified without providing a local path, Git repository, or version to use. This will be considered an error in future versions
[INFO] running `Command { std: "docker" "create" "-v" "/var/lib/crater-agent-workspace/builds/worker-6/target:/opt/rustwide/target:rw,Z" "-v" "/var/lib/crater-agent-workspace/builds/worker-6/source:/opt/rustwide/workdir:ro,Z" "-v" "/var/lib/crater-agent-workspace/cargo-home:/opt/rustwide/cargo-home:ro,Z" "-v" "/var/lib/crater-agent-workspace/rustup-home:/opt/rustwide/rustup-home:ro,Z" "-e" "SOURCE_DIR=/opt/rustwide/workdir" "-e" "CARGO_TARGET_DIR=/opt/rustwide/target" "-e" "CARGO_HOME=/opt/rustwide/cargo-home" "-e" "RUSTUP_HOME=/opt/rustwide/rustup-home" "-w" "/opt/rustwide/workdir" "-m" "1610612736" "--user" "0:0" "--network" "none" "rustops/crates-build-env@sha256:d92eaeed33fa75130ca1ee6c8a01d1ffb62bac859dfdfb3450e3e5d1c0146529" "/opt/rustwide/cargo-home/bin/cargo" "+af3c6e733a40e671550e0f0f5aeecaa13772ba56" "metadata" "--no-deps" "--format-version=1", kill_on_drop: false }`
[INFO] [stdout] b1e4d22bd2acbeb7ad0d85c5560b51c3a85411cc5aa7d1db3b0dd856791978b9
[INFO] [stderr] WARNING: Your kernel does not support swap limit capabilities or the cgroup is not mounted. Memory limited without swap.
[INFO] running `Command { std: "docker" "start" "-a" "b1e4d22bd2acbeb7ad0d85c5560b51c3a85411cc5aa7d1db3b0dd856791978b9", kill_on_drop: false }`
[INFO] running `Command { std: "docker" "inspect" "b1e4d22bd2acbeb7ad0d85c5560b51c3a85411cc5aa7d1db3b0dd856791978b9", kill_on_drop: false }`
[INFO] running `Command { std: "docker" "rm" "-f" "b1e4d22bd2acbeb7ad0d85c5560b51c3a85411cc5aa7d1db3b0dd856791978b9", kill_on_drop: false }`
[INFO] [stdout] b1e4d22bd2acbeb7ad0d85c5560b51c3a85411cc5aa7d1db3b0dd856791978b9
[INFO] running `Command { std: "docker" "create" "-v" "/var/lib/crater-agent-workspace/builds/worker-6/target:/opt/rustwide/target:rw,Z" "-v" "/var/lib/crater-agent-workspace/builds/worker-6/source:/opt/rustwide/workdir:ro,Z" "-v" "/var/lib/crater-agent-workspace/cargo-home:/opt/rustwide/cargo-home:ro,Z" "-v" "/var/lib/crater-agent-workspace/rustup-home:/opt/rustwide/rustup-home:ro,Z" "-e" "SOURCE_DIR=/opt/rustwide/workdir" "-e" "CARGO_TARGET_DIR=/opt/rustwide/target" "-e" "CARGO_INCREMENTAL=0" "-e" "RUST_BACKTRACE=full" "-e" "RUSTFLAGS=--cap-lints=forbid" "-e" "CARGO_HOME=/opt/rustwide/cargo-home" "-e" "RUSTUP_HOME=/opt/rustwide/rustup-home" "-w" "/opt/rustwide/workdir" "-m" "1610612736" "--user" "0:0" "--network" "none" "rustops/crates-build-env@sha256:d92eaeed33fa75130ca1ee6c8a01d1ffb62bac859dfdfb3450e3e5d1c0146529" "/opt/rustwide/cargo-home/bin/cargo" "+af3c6e733a40e671550e0f0f5aeecaa13772ba56" "check" "--frozen" "--all" "--all-targets" "--message-format=json", kill_on_drop: false }`
[INFO] [stdout] 4043cc344a63394160e7a126b3a527e1dc2cf157fd7b8c0737da1f3891b28c94
[INFO] [stderr] WARNING: Your kernel does not support swap limit capabilities or the cgroup is not mounted. Memory limited without swap.
[INFO] running `Command { std: "docker" "start" "-a" "4043cc344a63394160e7a126b3a527e1dc2cf157fd7b8c0737da1f3891b28c94", kill_on_drop: false }`
[INFO] [stderr] warning: dependency (gimli) specified without providing a local path, Git repository, or version to use. This will be considered an error in future versions
[INFO] [stderr] warning: dependency (object) specified without providing a local path, Git repository, or version to use. This will be considered an error in future versions
[INFO] [stderr]     Checking stable_deref_trait v1.2.0
[INFO] [stderr]     Checking wasmparser v0.57.0
[INFO] [stderr]     Checking fallible-iterator v0.2.0
[INFO] [stderr]    Compiling indexmap v1.6.0
[INFO] [stderr]     Checking memmap v0.7.0
[INFO] [stderr]     Checking env_logger v0.5.13
[INFO] [stderr]     Checking gimli v0.22.0
[INFO] [stderr]     Checking object v0.21.1
[INFO] [stderr]     Checking rewrite v0.1.0 (/opt/rustwide/workdir)
[INFO] [stdout] error[E0061]: this function takes 3 arguments but 2 arguments were supplied
[INFO] [stdout]   --> src/main.rs:50:26
[INFO] [stdout]    |
[INFO] [stdout] 50 |     let mut out_object = write::Object::new(in_object.format(), in_object.architecture());
[INFO] [stdout]    |                          ^^^^^^^^^^^^^^^^^^ ------------------  ------------------------ supplied 2 arguments
[INFO] [stdout]    |                          |
[INFO] [stdout]    |                          expected 3 arguments
[INFO] [stdout] 
[INFO] [stdout] 
[INFO] [stdout] error[E0061]: this function takes 3 arguments but 2 arguments were supplied
[INFO] [stdout]   --> src/main.rs:50:26
[INFO] [stdout]    |
[INFO] [stdout] 50 |     let mut out_object = write::Object::new(in_object.format(), in_object.architecture());
[INFO] [stdout]    |                          ^^^^^^^^^^^^^^^^^^ ------------------  ------------------------ supplied 2 arguments
[INFO] [stdout]    |                          |
[INFO] [stdout]    |                          expected 3 arguments
[INFO] [stdout] 
[INFO] [stdout] 
[INFO] [stdout] error[E0308]: mismatched types
[INFO] [stdout]    --> src/main.rs:109:61
[INFO] [stdout]     |
[INFO] [stdout] 109 |                 let associative_section = *out_sections.get(&associative_section).unwrap();
[INFO] [stdout]     |                                                             ^^^^^^^^^^^^^^^^^^^^ expected struct `object::SectionIndex`, found enum `Option`
[INFO] [stdout]     |
[INFO] [stdout]     = note: expected reference `&object::SectionIndex`
[INFO] [stdout]                found reference `&Option<object::SectionIndex>`
[INFO] [stdout] 
[INFO] [stdout] 
[INFO] [stdout] error[E0308]: mismatched types
[INFO] [stdout]    --> src/main.rs:109:61
[INFO] [stdout]     |
[INFO] [stdout] 109 |                 let associative_section = *out_sections.get(&associative_section).unwrap();
[INFO] [stdout]     |                                                             ^^^^^^^^^^^^^^^^^^^^ expected struct `object::SectionIndex`, found enum `Option`
[INFO] [stdout]     |
[INFO] [stdout]     = note: expected reference `&object::SectionIndex`
[INFO] [stdout]                found reference `&Option<object::SectionIndex>`
[INFO] [stdout] 
[INFO] [stdout] 
[INFO] [stdout] error[E0308]: mismatched types
[INFO] [stdout]    --> src/main.rs:112:21
[INFO] [stdout]     |
[INFO] [stdout] 112 |                     associative_section,
[INFO] [stdout]     |                     ^^^^^^^^^^^^^^^^^^^
[INFO] [stdout]     |                     |
[INFO] [stdout]     |                     expected enum `Option`, found struct `object::write::SectionId`
[INFO] [stdout]     |                     help: try using a variant of the expected enum: `Some(associative_section)`
[INFO] [stdout]     |
[INFO] [stdout]     = note: expected enum `Option<_>`
[INFO] [stdout]              found struct `object::write::SectionId`
[INFO] [stdout] 
[INFO] [stdout] 
[INFO] [stdout] error[E0308]: mismatched types
[INFO] [stdout]    --> src/main.rs:112:21
[INFO] [stdout]     |
[INFO] [stdout] 112 |                     associative_section,
[INFO] [stdout]     |                     ^^^^^^^^^^^^^^^^^^^
[INFO] [stdout]     |                     |
[INFO] [stdout]     |                     expected enum `Option`, found struct `object::write::SectionId`
[INFO] [stdout]     |                     help: try using a variant of the expected enum: `Some(associative_section)`
[INFO] [stdout]     |
[INFO] [stdout]     = note: expected enum `Option<_>`
[INFO] [stdout]              found struct `object::write::SectionId`
[INFO] [stdout] 
[INFO] [stdout] 
[INFO] [stdout] error: aborting due to 3 previous errors
[INFO] [stdout] 
[INFO] [stdout] 
[INFO] [stdout] Some errors have detailed explanations: E0061, E0308.
[INFO] [stdout] 
[INFO] [stdout] For more information about an error, try `rustc --explain E0061`.
[INFO] [stdout] 
[INFO] [stderr] error: could not compile `rewrite`.
[INFO] [stdout] error: aborting due to 3 previous errors
[INFO] [stdout] 
[INFO] [stdout] 
[INFO] [stderr] 
[INFO] [stdout] Some errors have detailed explanations: E0061, E0308.
[INFO] [stdout] 
[INFO] [stderr] To learn more, run the command again with --verbose.
[INFO] [stdout] For more information about an error, try `rustc --explain E0061`.
[INFO] [stdout] 
[INFO] [stderr] warning: build failed, waiting for other jobs to finish...
[INFO] [stderr] error: build failed
[INFO] running `Command { std: "docker" "inspect" "4043cc344a63394160e7a126b3a527e1dc2cf157fd7b8c0737da1f3891b28c94", kill_on_drop: false }`
[INFO] running `Command { std: "docker" "rm" "-f" "4043cc344a63394160e7a126b3a527e1dc2cf157fd7b8c0737da1f3891b28c94", kill_on_drop: false }`
[INFO] [stdout] 4043cc344a63394160e7a126b3a527e1dc2cf157fd7b8c0737da1f3891b28c94
